7
Let w(k) = -3*k**3 - 67*k**2 - 24*k - 42. Let c be w(-22). Suppose 3 = 3*q, 5*g + c*q = 96 + 6. What is the remainder when g is divided by 18?
2
Let u = -113 - -110. What is the remainder when 52 is divided by (u/(-6))/(1/2)*11?
8
Suppose 2*q = 0, 3*r + 23 = 4*r - q. Let t = 184 + -108. Calculate the remainder when t is divided by r.
7
Suppose -4*f + 680 = -4*a, 39*a - 158 = -f + 44*a. Calculate the remainder when f is divided by 31.
18
Let x = 2 + 26. Suppose 5*o - x + 8 = 0. Suppose -o*g + 1 = -7. Calculate the remainder when 4 is divided by g.
0
Let u(q) = -30*q - 341. Let l be u(-12). What is the remainder when 42 is divided by l*((-9)/6)/(30/(-20))?
4
Let y = 18013 - 17999. Calculate the remainder when 2165 is divided by y.
9
Suppose 3*g - 5*x = 1740 + 675, 2*x + 805 = g. What is the remainder when g is divided by 262?
19
Suppose x - 10 = 3*a - 64, 3*a = 5*x + 54. Suppose -7*g - 418 = -a*g. What is the remainder when g is divided by 17?
4
Suppose -11 - 11 = 11*v. Let p be v - -3*(-183)/9. Let g = -25 - p. What is the remainder when 113 is divided by g?
37
Let y(a) = 11 - 5 - 6*a - 5 + 12. Let h = -32 - -22. What is the remainder when y(h) is divided by 25?
23
Let d = 8393 + -8178. What is the remainder when d is divided by 4?
3
Let x = 742 + -604. Suppose -x*v - 266 = -145*v. What is the remainder when v is divided by 7?
3
Suppose 5*t - 6 = -r + 4, 6*t = r - 65. What is the remainder when 936 is divided by r?
26
Let f = -1150 + 1219. Calculate the remainder when 482 is divided by f.
68
Let h(p) = -p - 1. Suppose 9*w - 5*i = -8, 3*w + 2*i = 370 - 347. What is the remainder when h(-8) is divided by w?
1
Let t(w) = 24*w - 147. Let m(o) = -5*o - 48. Let d be m(-11). What is the remainder when t(d) is divided by 12?
9
Suppose 7*f - 923 = 5*j + 848, 4*j - 1012 = -4*f. Calculate the remainder when f is divided by 28.
1
Let s be (0 - -10) + 6/2. Let i(h) = h**2 - 11*h + 9. What is the remainder when i(s) is divided by -2*(-54)/(-3)*(-4)/16?
8
Suppose 90*v - 12460 = 83*v. Suppose 0 = 17*d - v - 56. What is the remainder when d is divided by 1 - -1*9 - -1?
9
Let i = 683 - 675. Suppose -i*g + 13 = -643. Calculate the remainder when 400 is divided by g.
72
Suppose 4*b = z - 318, 43*b - 38*b = 3*z - 926. Calculate the remainder when z is divided by 61.
58
Let t = 13871 - 13853. Let i(l) = -13*l. Calculate the remainder when i(-4) is divided by t.
16
Suppose -156 - 19 = 2*z + m, m + 264 = -3*z. Let u = z - -128. Calculate the remainder when u is divided by 7.
4
What is the remainder when 367 is divided by (18 - 174/24)*4?
23
Suppose 2*f - 71 + 149 = 2*w, 5*f = w - 11. What is the remainder when 861 is divided by w?
33
Suppose 2*f - 165 = -171, -2*h + 1630 = 4*f. Calculate the remainder when h is divided by 200.
21
Let u(k) = 80*k**3 - 4 - 156*k**3 - 2*k - 3*k**2 + 1 + 75*k**3. Calculate the remainder when 151 is divided by u(-5).
37
Suppose -p = j - 317, -3*p - 129 - 192 = -j. What is the remainder when j is divided by 64?
62
Let h(u) = 100*u - 5. What is the remainder when h(4) is divided by (-1421)/(-29) + -27 + 58?
75
Let l(w) = 37*w + 19. Let j(d) = -19*d - 10. Let i(f) = 5*j(f) + 3*l(f). Suppose 26*r = 19 + 59. What is the remainder when i(r) is divided by 20?
15
Let l(r) = -2*r**2 - 25*r + 189. What is the remainder when l(-17) is divided by -9*((-96)/9)/4?
12
Let s = 106 - 148. Suppose -2*v + 106 + 44 = 0. Calculate the remainder when v is divided by (-4)/(-8) - s/4.
9
Suppose 0 = 208*z - 374*z + 188*z - 2508. What is the remainder when 676 is divided by z?
106
Let d = -17 - -22. Let u(s) = 2*s**2 + 6*s - 43. Let i be u(6). Suppose 6*h - i = h. What is the remainder when h is divided by d?
3
Let j(t) = -t**2 - 5*t - 3. Let g(y) = -28*y - 92. Let k be g(-4). Suppose -104 = -k*i + 16. What is the remainder when i is divided by j(-3)?
0
Suppose 32587 = 214*a - 8501. Calculate the remainder when a is divided by 22.
16
Let d(z) = -3*z**2 + 311*z + 49. What is the remainder when d(29) is divided by 21?
14
Let s be (-6)/4 - (-87)/58. Suppose s = -3*g - 4*k + 7, -2*k = 3*k + 10. Suppose -14 = 8*l - 70. Calculate the remainder when l is divided by g.
2
Let a = 1172 - 1024. Calculate the remainder when a is divided by 13.
5
Suppose 243*l - 147*l + 267*l = 7986. Suppose -5*o = 3*j - 237, -5*o + 108 = j + 29. Calculate the remainder when j is divided by l.
13
Let z = 296 - 69. Let f = z - 187. What is the remainder when 132 is divided by f?
12
Let o = -22 + 31. Suppose 26*p + 413 = 647. Calculate the remainder when p is divided by o.
0
Let a(d) = -d**3 - 13*d**2 - 8 - 7*d + 16*d**2 - 2 - 6*d**2. Let g be (-20 - -21)*(2 + 8)/(-2). Calculate the remainder when a(g) is divided by 39.
36
Let y(r) = 3*r**2 - 2*r - 3. Let l be (-27)/12*10/(-45)*2. Let s(w) = 8*w**3 - 4*w**2 + 5*w - 2. Calculate the remainder when y(3) is divided by s(l).
4
Suppose y + 4*j - 57 = 0, -2*y + 3*j = 386 - 456. What is the remainder when 54 is divided by y?
13
Suppose 267 = 5*f - 2*n + 8, 4*f = -3*n + 198. Suppose 5*z = 3*o + 265, z + 5*o - f = 2. Let x = 53 + -45. What is the remainder when z is divided by x?
5
Calculate the remainder when 233 is divided by (8/7)/(60/42)*(-4 + 124).
41
Let o = -25 + 51. Let b = o - -13. Suppose 0 = k + 88 - 109. Calculate the remainder when b is divided by k.
18
Let l(f) = 491*f - 824. What is the remainder when l(3) is divided by 191?
76
What is the remainder when 294 is divided by (-2)/(-6) + (-646)/(-51) + -8?
4
Let p = 1863 + 180. What is the remainder when p is divided by 185?
8
Let l be -10*8/(-8) + -6. Suppose -3*j = w - 13, -8*w + 10*w - l*j - 6 = 0. What is the remainder when 97 is divided by w?
6
Let r(d) = -9*d - 22. Let o be r(-7). Let u = o - 38. Suppose 0*c - 2*c = -5*x, 0 = c - u*x + 1. Calculate the remainder when 8 is divided by c.
3
Suppose -b = 5, -3*q - 2*q = -3*b - 180. Let d be -5 - -1 - 1/(-1). Calculate the remainder when q is divided by ((-6)/3)/((-4)/(-114)*d).
14
What is the remainder when 4/(-8) - 90/(-4) is divided by (9540/33390)/(4*2/308)?
0
Suppose -8811*l = -8821*l + 260. What is the remainder when 50 is divided by l?
24
What is the remainder when (-774880)/(-4785) + (-2)/(-33) is divided by 54?
0
Let k(r) = r**3 + 20*r**2 - 18*r + 172. Calculate the remainder when k(-21) is divided by 20.
9
Let a(z) = z**3 + 5*z**2 + 19*z - 30. Calculate the remainder when a(4) is divided by 39.
34
Let r = 11073 + -6314. What is the remainder when r is divided by 34?
33
Let l = 739 - 723. Suppose 0 = -8*i + l*i - 160. What is the remainder when 30 is divided by i?
10
Let w(t) = -t**3 + 6*t**2 - 8*t - 5. Let b be w(4). Suppose 3*m - 133 = 5*q, 2*m - q - 95 = -4*q. Calculate the remainder when m is divided by b + 1 + 36 + -4.
18
Let d(t) = -18*t - 88. Let b be d(-5). Let c(m) = 7*m + 17. Calculate the remainder when 149 is divided by c(b).
25
Suppose -3*a + 37 = -80*d + 84*d, 3*d + 5*a = 36. What is the remainder when -2 + (0 - -76)/1 is divided by d?
4
Let s be (5 - (1 + 16))*6/(-8). Let i = 24 - s. Suppose 20*w - i*w - 1675 = 0. What is the remainder when w is divided by 56?
55
Let q = -76 + 76. Let c be 1/2*q/(-19). Suppose l + c*o - 96 = -3*o, -2*l - 2*o + 188 = 0. What is the remainder when l is divided by 24?
21
Suppose n - 32 = -120. Let h = 96 + n. What is the remainder when 10 is divided by h?
2
Let t(g) = 311*g + 39198. Let a = 39 + -3. What is the remainder when a is divided by t(-126)?
0
Suppose -3*a - 3*q + 49 = -a, -5*a + 4*q + 88 = 0. What is the remainder when (-18 + 0 - (-95 - -76)) + 35 is divided by a?
16
Suppose 55*h + 34 = -c + 58*h, 4*h + 170 = -5*c. Let b = 2 - -59. Let g = b + c. Calculate the remainder when 51 is divided by g.
24
Let z = -23 - -25. Suppose z*f = f, 2*f + 14 = p. Let n = -47 - -86. Calculate the remainder when n is divided by p.
11
Let i = -6248 - -6285. Calculate the remainder when 1129 is divided by i.
19
Suppose 561 = 3*p - 3*k, 7*p - 2*k + 4*k - 1264 = 0. What is the remainder when 1110 is divided by p?
18
Let z(m) = -m**3 - 14*m**2 - 27*m - 114. What is the remainder when z(-14) is divided by 109?
46
Suppose -5*s + 1 = -9. Let n(u) = 3*u**s - u**3 + 31*u**2 + u - 17*u**2 + 17. What is the remainder when n(17) is divided by 7?
6
Let s = -5701 + 6532. What is the remainder when s is div